 + 2*g + 16, 4*n + 2*g + 11 = 45. What are the prime factors of n?
2, 5
Let h = 21 - 15. Suppose z - h*z - 45 = 0. Let q = z + 24. What are the prime factors of q?
3, 5
Let b be -1*(-1 + 0) - -1. Let a be 23/b + 1/(-2). Let r(f) = 2*f - 10. What are the prime factors of r(a)?
2, 3
Suppose -5*v = -5*d - 25, v - 2 - 3 = -2*d. Suppose -3*j + 8*j + 3*z - 28 = d, 2*j - 36 = 5*z. What are the prime factors of j?
2
Let n(p) = 3*p**2 + 2*p - 4. What are the prime factors of n(4)?
2, 13
Let t be 2*((-95)/(-2) + 0). Suppose 0*d = -5*d + t. What are the prime factors of d?
19
What are the prime factors of 12/12 + 1 + 9?
11
Suppose -159 = -7*s + 968. What are the prime factors of s?
7, 23
Let k(p) = -4*p**3 - 2*p**2 - p. Let w be k(-1). Suppose -w*g = -29 - 13. What are the prime factors of g?
2, 7
Suppose 0 = 3*b - 6*b + 6. Suppose 20 = -b*n + 6*n. What are the prime factors of n?
5
Let h(w) = 67*w - 6. Let m be h(3). Suppose v + 113 = 3*b, -4*v - v + m = 5*b. List the prime factors of b.
2, 19
Let s = 3 - 8. Let c(u) = 2*u**2 + 6*u + 4. What are the prime factors of c(s)?
2, 3
Suppose 3*c - 2*c - 10 = 0. Let m(n) = 7*n**2 - 14 + 5*n + 4*n**2 - n**3 - 13*n. What are the prime factors of m(c)?
2, 3
Suppose 2*w = -5*j - 0*w + 540, -108 = -j + 2*w. What are the prime factors of j?
2, 3
Let q(s) = 7*s - 4. Let c be q(-3). List the prime factors of c/15*(2 - 11).
3, 5
Let c be 12/4 + (23 - -2). Let w = 17 - 4. Let b = c - w. What are the prime factors of b?
3, 5
Let j(m) = -m**3 + 2*m**2 + 5*m - 3. Let g be j(3). Suppose -5*r - 4*l = -3, -g*r - 3*l + 2*l = -6. List the prime factors of r.
3
Let m(a) be the first derivative of 2*a**3/3 - 4*a - 2. List the prime factors of m(-3).
2, 7
Suppose 0*z + 6 = 3*z. Suppose -6 + 0 = -z*d. Suppose -d*f + 27 = 6. What are the prime factors of f?
7
Let s(g) = 2*g - 6. Let f = 2 - -2. Let m be s(f). Suppose 2*z + 36 = 4*k - m*z, -z = -2. What are the prime factors of k?
11
Let l(y) = 0*y**3 - 5*y + y - 2 + 2*y - 4*y**3 - 8*y**2. Let u(s) = -5*s**3 - 8*s**2 - 2*s - 3. Let x(c) = -6*l(c) + 5*u(c). What are the prime factors of x(8)?
13
Let z = 7 - 6. Let r(n) = 1. Let b(w) = w - 7. Let p(g) = z*b(g) + 3*r(g). What are the prime factors of p(9)?
5
Let x = 30 + -16. What are the prime factors of (-37)/(-2) + 7/x?
19
Let l(r) = 38*r**2 - 4*r - 3. What are the prime factors of l(2)?
3, 47
Suppose -71 - 34 = -3*w. What are the prime factors of w?
5, 7
List the prime factors of -5 + 0 + 105*3.
2, 5, 31
Let a = -1 - -5. Suppose -z = z + s + 1, 18 = a*z - 2*s. What are the prime factors of (-92)/(-28) + z/(-7)?
3
Let i(m) = -2 - m**2 + 0*m**2 + 88. Let t be i(0). What are the prime factors of 4/16 - t/(-8)?
11
Let s be 313/(-4) + (-45)/60. Let g = s + 120. List the prime factors of g.
41
Let b be 34 + (-2 - 1/(-1)). List the prime factors of (-8)/(-12)*b/2.
11
Suppose -3*q + 4 - 28 = 0. Let h(n) = -n**2 - 10*n - 4. List the prime factors of h(q).
2, 3
Let y be (-10)/(-4)*6/3. Suppose y = 3*h - 5*r, -4 = h + 5*r + 1. Suppose -33 = -3*j - h*j. What are the prime factors of j?
11
Suppose 0*m + 4*m - 12 = 0. Suppose x - m*q + 4 = 0, -2*x = -0*x + 3*q - 10. List the prime factors of x.
2
Suppose 0 = 3*s - s - 336. Suppose 5*f - s + 18 = 0. What are the prime factors of f?
2, 3, 5
Suppose -3*m - 4*w + 6*w = -51, -w - 63 = -4*m. What are the prime factors of m?
3, 5
Suppose -3*l = z + 3, -4*l + z - 9 = 4*z. Suppose i + 0 - 22 = l. List the prime factors of i.
2, 11
Let a(f) = -f**3 + 6*f**2 + 3*f - 3. Let h be a(3). Suppose -3*j + h = 12. Suppose -2*m + 22 = 3*r, 3*m = j*m + 4*r - 44. What are the prime factors of m?
11
Suppose -3*t + 27 = -0. List the prime factors of (-2)/t - (-1518)/27.
2, 7
Suppose 6*s - 2*s - 5*a - 23 = 0, 3*s = 2*a + 12. Suppose -s*n - 15 = -5*q + 3*n, 2*q + 3*n = 21. What are the prime factors of 13/3 - 2/q?
2
Suppose 4*n - 18 - 1 = -u, -5*n + 4*u + 8 = 0. Suppose 2*s = 3*l + 1, 36 = n*s - 2*l + 14. What are the prime factors of s?
2
Let z be (5 - 2)*10/6. Suppose 0 = z*j - 4*t - 27, t = -j - 2*j + 6. Suppose j*c + 2 = -2*y, c + 4*y + 22 = 4*c. List the prime factors of c.
2
Let m = 4 - 4. Let l be 1 + 1 - -7 - m. Let y = 4 + l. What are the prime factors of y?
13
Suppose -3*c - 32 = -4*b + 2*c, c = b - 7. Suppose b*w - 32 = 25. What are the prime factors of w?
19
Let g(i) = 5*i**2 + i**2 - 3*i - i**3 - 2 - i. List the prime factors of g(5).
3
Suppose -m + 6 = 2*m. Suppose 3*g = -5*r + 25, r - 2*g + 6 + m = 0. List the prime factors of r.
2
Let f = 16 + -12. Suppose 2*w - 2*n - 38 = 0, -2*w + 3*n + 30 = -f. What are the prime factors of w?
23
Let s(t) = -t**3 - 2*t**2 + 3*t - 4. Let p be s(-5). Suppose p = 5*z - z. What are the prime factors of z?
2, 7
Suppose -4*t = 3*l - 18, -l - 4*t = 2 - 0. List the prime factors of ((-36)/l)/(4/(-10)).
3
Let o = 8 - 6. Suppose -o*c + 5*c = 54. List the prime factors of c.
2, 3
Let k = 110 + -74. List the prime factors of k.
2, 3
Suppose 0 = 14*i - 15*i. Suppose 5*j + 2*m - 220 = i, -4*j - 3*m = -4*m - 176. What are the prime factors of j?
2, 11
Let l = 17 + 151. What are the prime factors of l?
2, 3, 7
Let o(p) = p**3 + 5*p**2 - 8. Let x(w) = 3*w**3 + 9*w**2 - w - 16. Let k(u) = 5*o(u) - 2*x(u). List the prime factors of k(7).
2, 3
Suppose -3*a = -2*a - 4. Suppose -4*k - 3*g + 21 = 0, 2*g + 5 - 27 = -a*k. What are the prime factors of k?
2, 3
Let z be 12/(-15)*(-15)/(-6). Let o be 2/z*-3 - -1. Suppose 3*t - 52 + 10 = -3*q, -o*q = -16. What are the prime factors of t?
2, 5
Suppose 9*v - 11*v + 10 = 0. Let b = 20 + -5. Suppose -c + 2*c = v*l - 12, -c - 4*l = -b. List the prime factors of c.
3
Let i(p) = -p**3 + 4*p**2 - 1. Let f be i(4). What are the prime factors of (f*6)/(3/(-9))?
2, 3
Let d = 96 - 46. List the prime factors of d.
2, 5
Suppose -7*n = -5*n - 46. What are the prime factors of n?
23
Let y = -38 + 42. What are the prime factors of y?
2
Let p = 18 - 6. Let z = 16 - p. What are the prime factors of z?
2
Let j(s) = 1 + 0*s + 6*s + 5 - 5. Suppose 0*m - 2*m + 4 = 0. List the prime factors of j(m).
13
Let c(k) = k**3 + 8*k**2 + 8*k + 6. Let h be c(-7). Suppose -3*t = x - 8, -5 - 1 = t - 4*x. Let z = t - h. What are the prime factors of z?
3
Suppose -4*l = -3*q - 53, 4*q = l - 21 - 2. List the prime factors of l.
11
Let g = -3 + 6. List the prime factors of g.
3
Suppose 9*q - 5 = 4*q. Let r(z) = 26*z**2 - 2*z + 1. Let u be r(q). Let x = -18 + u. What are the prime factors of x?
7
Let l be (-2)/9 + (-29)/(-9). Suppose s + 6 = l*s. Suppose s*c - 4*c = -a + 15, -49 = -3*a + 2*c. List the prime factors of a.
19
Suppose 0*l + l = 2*z, -5*z - 3*l = 11. List the prime factors of z/1 - (-10 + -4).
13
What are the prime factors of 9/36 + (-247)/(-4)?
2, 31
Let w = 103 - -16. What are the prime factors of w?
7, 17
Let l be (6/(-2))/(18/(-30)). Let k = 28 + l. What are the prime factors of k?
3, 11
Suppose 8 + 1 = 3*m. Suppose -h - 5*w + 40 = 3*h, m*w + 40 = 4*h. What are the prime factors of h?
2, 5
What are the prime factors of 3/12 - (-14)/8?
2
Let z be 8 + (5 + -2 - 5). Suppose 68 = 7*d - 3*d. Let t = d - z. List the prime factors of t.
11
Suppose 0 = 2*z + 5*s - 30, 3*z = -10*s + 5*s + 45. List the prime factors of z.
3, 5
Suppose -4*l - 32 = -4*d, l + 16 = -2*l + 5*d. Let s be ((-6)/l)/((-1)/54). Let y = -15 - s. What are the prime factors of y?
2, 3
Let g(m) = -56*m**3 - 2*m**2 + m + 2. What are the prime factors of g(-1)?
5, 11
Let n(l) = 10*l**2 - 5*l - 5. Let j(y) = 30*y**2 - 14*y - 14. Let p(z) = -6*j(z) + 17*n(z). Let i be p(-1). Let o = i - -14. What are the prime factors of o?
2
Let j be (-27)/(-15) - 2/(-10). Suppose 3*a = -j*a + 190. List the prime factors of a.
2, 19
List the prime factors of (-8)/2 + (3 - -48).
47
What are the prime factors of 31 - ((-12)/10 + (-4)/(-20))?
2
Suppose -15 = -2*o + 7*o, 0 = 4*x - 5*o - 243. List the prime factors of x.
3, 19
Let a(j) = -j**3 - 2*j**2 + 4*j - 1. Suppose -4*x = 4*t + 1 + 11, -18 = 4*x + t. List the prime factors of a(x).
2, 3
Let f = 1 + 2. Suppose 0 = h - f + 1. Suppose h*t + 6 - 16 = 0. What are the prime factors of t?
5
Let y(z) = -5*z - 5. Let q(w) = w - 1. Let c(s) = s**2 + 2*s + 2. Let f be c(-2). Let o(k) = f*q(k) + y(k). What are the prime factors of o(-6)?
11
Let o(m) = m**3 - 9*m**2 + 3*m - 8. Let u be o(9